j*o + 4*o**3 - 5*o**3. Determine f(q).
3
Let k(a) = 4*a. Let g(x) = 7*x. Let c(o) = 6*g(o) - 10*k(o). Calculate c(1).
2
Let o(c) = 2*c + 3*c + 1 + 0*c + 0. What is o(-1)?
-4
Let l(i) be the third derivative of -i**5/60 - i**4/24 + 2*i**2 + 2*i. Calculate l(3).
-12
Let w(i) = i**3 + 2*i**2 - 2*i - 4. Let u(b) = 2*b**2 + 2*b - 4. Let j(c) = -3*c**2 - 3*c + 5. Let z(k) = 3*j(k) + 4*u(k). Let r be z(-2). Give w(r).
-7
Let o(y) = -6*y + 6. Let g(k) = 5*k - 5. Let p(a) = -7*g(a) - 6*o(a). Determine p(-3).
-4
Let g(w) = w + 2. Let s(j) = 2*j + 7. Suppose -2*x - x = -6. Suppose -17 + 43 = -d - 5*n, -3*d + x*n - 10 = 0. Let q be s(d). Calculate g(q).
-3
Suppose -30*i + 31*i + 5 = 0. Let j(o) be the first derivative of -o**2/2 - o - 1. Give j(i).
4
Let f(i) = -i - 4. Let s(j) = -6*j - 20. Let b = 4 - 15. Let q(v) = b*f(v) + 2*s(v). Suppose r = 3*r - y - 9, r = 5*y + 9. What is q(r)?
0
Let u be (-3)/2*(-90)/27. Let s(x) be the second derivative of 0 + 1/6*x**3 - 11/2*x**2 - x. Determine s(u).
-6
Let g(f) = f**3 + 7*f**2 + 7*f - 6. Suppose -8*j + 25 = 73. Determine g(j).
-12
Let o(s) = -s + 8. Let g be (-20)/(-25)*4/((-12)/(-15)). Calculate o(g).
4
Let g(v) = 2*v + 18. Let l be g(-7). Let j(p) = -p**2 - 3 + 5 + 2*p**2 - 6*p. Calculate j(l).
-6
Let i be (4/5)/((-3)/(-15)). Let c(v) = -i*v + v + 5 + 2*v. Suppose 0*f = -4*f + 12. Give c(f).
2
Let j(d) be the first derivative of d**3/6 - 3*d**2/2 - d - 1. Let r(v) be the first derivative of j(v). Let y = 8 - 3. Determine r(y).
2
Let d(n) = 8*n - 3. Let m be (-6)/39 - 28/(-13). Determine d(m).
13
Let g(n) = n**3 + 4*n**2 + 4*n. Let q = -14 + 11. Calculate g(q).
-3
Let o(j) = j**3 + 6*j**2 + j - 22. Let u be o(-5). Let l(w) = 1 + 4*w + w**2 - 3*w + 0. What is l(u)?
3
Let n(t) = -t**3 + 7*t**2 - 10. Let a be 210/(-45)*3/(-2). Give n(a).
-10
Let c(z) be the first derivative of z**2 + 4*z + 2. Let p(y) = y**2 - 3*y + 1. Let f be p(3). Suppose 0 = r + f + 2. What is c(r)?
-2
Let l(o) = 23*o**2 - 2*o + 2*o - 30*o**2. Calculate l(-1).
-7
Let b = 87 + -173/2. Let r(s) be the first derivative of -4 + 1/4*s**4 - b*s**2 - 4/3*s**3 - 2*s. Determine r(4).
-6
Let q(m) = -2*m - 1. Let w(a) = -5*a - 2. Let v(t) = -7*q(t) + 3*w(t). Let k = 4 + -8. What is v(k)?
5
Suppose -3*w - 4*o = -9, 6 = 4*w + 5*o - 6. Let u(i) = -2*i + 3. Give u(w).
-3
Let q(m) = m**3 + 2*m**2 + 2*m + 4. Let f be ((-6)/12)/((-1)/(-6)). What is q(f)?
-11
Let p(s) = -5*s - 2. Let n = 8 - 6. Let f be ((-6)/(-8))/(n/(-8)). Let r be 3 + (f - -1)/2. Determine p(r).
-12
Let g(m) = m**2 - 6*m - 6. Let f = -21 - -28. Determine g(f).
1
Let p be (-1 + 8)*(-3)/7. Let t(k) = 2*k. What is t(p)?
-6
Let h(j) = -3*j + 1. Suppose 3*q - 5*x = -11, 4*x - 5*x - 23 = 3*q. Let d = -5 - q. What is h(d)?
-5
Let i(m) = -3*m**3 - 2*m**2 - 2*m - 6. Let l(f) = -f**3 + f**2. Let k(v) = -i(v) + 2*l(v). What is k(-4)?
-2
Let j(m) be the first derivative of -3*m**4/4 - m**2/2 + m - 3. Let z(y) = -y**3. Let x(c) = j(c) - 2*z(c). Determine x(0).
1
Let d(m) = -m**3 - 17*m**2 + 18*m - 4. Let z = -55 + 37. Let w be d(z). Let r(i) = i**3 + 5*i**2 + 4*i + 2. Give r(w).
2
Let t = 1 - 0. Suppose -n - 1 - t = 0. Let z(d) = d**2 - d - 1. Let o(q) = -3*q**2 + 8*q + 6. Let x(p) = o(p) + 5*z(p). Determine x(n).
3
Suppose -b = -3*b - 4. Let l(p) = p**2 + 4*p + 3. What is l(b)?
-1
Let b(d) be the third derivative of -5/6*d**3 - 4*d**2 + 1/8*d**4 + 0*d + 0. Suppose -4*l = 5*p + 8 - 34, -p + 2 = 0. Give b(l).
7
Let v be (10/4 + -2)*62. Let r(t) = 7 - 27*t - t**2 + v*t - 2. What is r(5)?
0
Suppose -h - 6 = 2*p - 0, -3*h - 18 = -2*p. Let q(c) = -c**3 - 6*c**2 - 2. What is q(h)?
-2
Let w be ((-2)/(-4))/(1/30). Let v = -21 + w. Let o(m) = -m**3 - 7*m**2 - 4*m + 7. What is o(v)?
-5
Let t(j) be the first derivative of j**2/2 + 2*j - 11. Calculate t(-4).
-2
Suppose 3*c = 6, -o + 24 + 3 = c. Let w = o + -18. Let s = -2 + w. Let i(h) = -h**3 + 5*h**2 + h - 6. Determine i(s).
-1
Let n(l) = 3*l + 8. Let f(w) = w + 4. Let x(q) = -5*f(q) + 2*n(q). Let s be -10*(-3 + (-21)/(-6)). What is x(s)?
-9
Let v = 0 - 1. Let f(s) be the third derivative of s**7/360 + s**6/720 - s**4/24 - 10*s**2. Let k(w) be the second derivative of f(w). What is k(v)?
6
Let l(w) = -2*w**2 - 3*w + 4. Suppose -9*p + 10*p = 3, -t + 4*p - 15 = 0. Calculate l(t).
-5
Let b(t) = t**2 + 7*t + 6. Let c be 5/1*(-4)/5. Determine b(c).
-6
Let d(a) = -a**3 - 5*a**2 + 3*a - 5. Suppose 3*u + 5*c + 18 = -10, 2*c - 14 = 3*u. What is d(u)?
13
Let y(s) = 3*s + 2*s - 4*s + 1. Give y(-2).
-1
Let b(h) = h**2 + 3*h + 1. Suppose 20 = -2*u - 6. Let w = -6 - u. Let v = w - 11. What is b(v)?
5
Let g(u) be the first derivative of u**4/4 - 4*u**3/3 - u**2/2 + 4. Suppose -2*p = 7*z - 3*z - 22, -2*p + 6 = 0. Calculate g(z).
-4
Let g(j) be the second derivative of -7*j**3/3 + j**2/2 - 5*j + 2. Determine g(2).
-27
Let z(s) = -5*s - 3. Let p be ((-2)/(-4))/(15/(-60)). Determine z(p).
7
Let o(x) be the third derivative of -x**4/12 - x**3/3 - 8*x**2. Give o(-6).
10
Let d(c) = -3*c**3 - c**2 + c + 1. Let r be 3*(-12)/30*(-5)/(-6). Determine d(r).
2
Suppose -3*s = s - 4. Let d(l) = -7*l**2 + l. Determine d(s).
-6
Let o = -10 + 25. Let t = o + -15. Let d(p) = p**2 + 0*p - 2 - p - p**3 - 3. Give d(t).
-5
Let y = -4 - -9. Let a(f) = 1 - 4*f**2 - 5 + 3*f**2 - y*f. Determine a(-5).
-4
Let g(u) = 6*u - 3. Let p(c) = -17*c + 8. Let s(h) = 11*g(h) + 4*p(h). Calculate s(-5).
9
Let s(g) = -21*g**2 + 11*g - 13. Let o(m) = 11*m**2 - 6*m + 7. Let q(w) = -11*o(w) - 6*s(w). Let z = -9 - -4. Let b = z + 6. Determine q(b).
6
Suppose 0*z - 3*z = 0. Suppose 3*g - 3 = -z. Suppose g = j + 3. Let d(x) = -x**3 + x**2 + 4*x + 3. Give d(j).
7
Let c(v) be the second derivative of -v**5/20 - 5*v**4/12 - v**3/3 - v. Suppose 4 + 5 = -4*w - a, 0 = 3*w + a + 6. Let d be 8/(-6)*(-9)/w. Give c(d).
-8
Suppose 9 = 7*z - 5. Let r(v) be the second derivative of v**4/12 - v**3/6 - v. What is r(z)?
2
Let v(r) = -r**3 + 2*r. Let s(k) = -k**2 - k + 4. Let n be s(-3). What is v(n)?
4
Let z(d) = d**2 + 4*d - 1. Let f(w) be the third derivative of w**5/60 + w**4/12 + w**3/6 + 3*w**2. Let t be f(-3). Suppose -2*q = -q + t. Calculate z(q).
-1
Let a(p) = -p**2 + 6. Let y(o) = o**3 + o**2 - 2*o + 2. Let v be y(-3). Let z = v + 10. Determine a(z).
6
Let f(l) = -2*l**2 - 7*l - 9. Let v be f(-3). Let x(h) = -h + 2. Give x(v).
8
Let g(v) = v - 7 + 12 + 4 + 6. What is g(-7)?
8
Suppose -3*w + 5*w - 4 = 0. Let y(c) = 4*c - 1 + 27*c**2 - 25*c**2 - 4*c. Determine y(w).
7
Let h = -12 - -32. Let o be (-24)/h - (-1)/5. Let g(q) = 9*q. Give g(o).
-9
Let s be (2/(-4)*0)/(-1). Let p = 2 + s. Let t(g) = -g**3 + g**2 + 2*g. Let u(y) = -3*y**3 + 3*y**2 + 4*y + 1. Let a(r) = 5*t(r) - 2*u(r). Give a(p).
6
Let j(q) = -2*q + 2. Let i be j(4). Let p(a) = -a**3 - 6*a**2 - 4. What is p(i)?
-4
Let f(g) = g**3 - 16*g**2 + 27*g + 16. Let b be f(14). Let x(w) = -w**3 - w**2 - 2*w. What is x(b)?
-16
Let y(r) = -r**3 + 6*r**2 - r - 3. Suppose 3*v + 3 = 0, -5*v - 11 = -5*p + 4*p. Calculate y(p).
-9
Let o(k) be the first derivative of k**6/30 + k**5/60 - k**2/2 + 3. Let p(t) be the second derivative of o(t). Calculate p(1).
5
Let u(w) = w + 8. Suppose 4*f - 3*f = 4. Suppose -f*r = -27 + 7. Suppose -12 = -5*g + r*j - 2*j, 0 = g + 2*j + 8. Calculate u(g).
8
Let r(q) = -q**3 - q**2 - q + 1. Let s(o) = -2*o**3 + 4*o**2 - 6*o - 3. Let i(v) = r(v) - s(v). Calculate i(4).
8
Let q be ((-1)/(-3))/(5/15). Let a(l) = -6 + 8 + q - l. Determine a(3).
0
Let i(d) be the second derivative of d**6/180 - d**5/120 - d**4/24 - d**3/6 - 2*d. Let z(v) be the second derivative of i(v). Determine z(-2).
9
Let n(j) be the third derivative of -j**6/120 + j**5/60 + j**4/12 - j**3/2 + j**2. Suppose 3*h - 14 = -4*h. Calculate n(h).
-3
Let j(g) = -g**2 + 3*g - 4. Suppose -p + 6*p = -2*q + 12, -28 = -3*q - 5*p. Suppose w - 2*a = -0*w + 12, 0 = w - 3*a - q. Suppose -y + 15 = w*y. Give j(y).
-4
Suppose 0*f - 1 = -f. Let n = 2 + f. Let r = n + -6. Let x(v) = -v - 2. Determine x(r).
1
Let g(i) = 4*i**3 - 13*i**3 + i**2 + 3*i**3 - i + 7*i**3 - 1. Give g(-2).
-3
Let p = -3 + 7. Let r(k) = 4 + 0*k - p*k - k**2 - 2*k. Calculate r(-5).
9
Let b be ((-5)/(-3))/((-3)/(-9)). Suppose 3*q - 25 = -b*m, 0 = -4*m + 4*q - 3*q + 3. Let n(c) be the first derivative of 3*c**2 + 3. Give n(m).
12
Let t(n) = 5*